 57367 (base 13) to base 14.
41c12
-2430250 (base 6) to base 2
-11111010110010110
What is -25301 (base 12) in base 2?
-1100010101110001
Convert 1021121112111 (base 3) to base 10.
681277
-9807b6 (base 12) to base 9
-4467113
What is 28831 (base 13) in base 11?
52193
Convert 261d3 (base 16) to base 4.
212013103
12211011220010 (base 3) to base 14
5a7698
Convert -1543067 (base 8) to base 12.
-194b07
What is 26dc7 (base 14) in base 8?
273423
What is -76471a (base 12) in base 16?
-1c9906
295a970 (base 11) to base 3
100120002210212
101062142 (base 7) to base 6
330223445
What is -526303 (base 7) in base 13?
-32596
2cb32c (base 15) to base 7
24252210
What is -39b1d (base 15) in base 7?
-1366432
Convert 3414404210 (base 5) to base 4.
130321200003
-122021122000 (base 3) to base 2
-1010011000011001101
Convert -10a16c (base 13) to base 6.
-12233510
What is 62899 (base 12) in base 10?
129141
-102110001011101 (base 3) to base 4
-113031011032
-322232000222 (base 4) to base 8
-72560052
-6a17a (base 12) to base 6
-3013034
What is -1a2229 (base 13) in base 14?
-1331c2
12311103133 (base 4) to base 8
6652337
Convert -1636604 (base 11) to base 12.
-b26a62
What is -41054141 (base 6) in base 8?
-4364455
Convert -36576 (base 14) to base 10.
-132796
What is -175b756 (base 12) in base 9?
-10114083
-11211001211 (base 3) to base 12
-46a57
What is 1021000201210 (base 3) in base 2?
10100011100000111100
Convert -8387 (base 9) to base 16.
-180a
Convert 4474840 (base 10) to base 5.
2121143330
Convert -217c18 (base 13) to base 2.
-11000000100001011111
What is 110011101110100111101 (base 2) in base 5?
413220122
Convert 1661e5d (base 15) to base 4.
332001003112
1451532 (base 6) to base 7
501545
What is 75796 (base 13) in base 8?
636372
-2b567 (base 14) to base 4
-122120313
3607720 (base 8) to base 14
1b9a24
Convert 243245 (base 9) to base 2.
100011110100101100
-5bc2 (base 14) to base 16
-3eae
What is -1d41ab (base 15) in base 8?
-5353532
19aa5 (base 12) to base 16
93dd
What is 10634642 (base 9) in base 15?
6be00b
21202000 (base 3) to base 12
3323
8280632 (base 10) to base 7
130245533
Convert 1010001010101011 (base 2) to base 15.
c513
13083861 (base 9) to base 3
110002210222001
What is -244853 (base 9) in base 11?
-a1184
35b554b (base 12) to base 6
1011431335
4b3aa8 (base 12) to base 8
4542540
Convert -1151257 (base 9) to base 8.
-2303156
Convert 5562044 (base 10) to base 14.
a4adac
-10204115 (base 6) to base 11
-192764
306224 (base 8) to base 7
601663
10101111010010101111010 (base 2) to base 3
101210211021112
-214404 (base 7) to base 14
-d9ab
What is 726113 (base 9) in base 4?
1221031110
Convert 303322031 (base 4) to base 14.
576b3
What is -11101110110000011 (base 2) in base 11?
-83930
What is 2155536 (base 7) in base 14?
6cd8d
Convert 110101111010111011 (base 2) to base 13.
796b2
Convert -5708774 (base 11) to base 14.
-14831aa
Convert 1101100111100101000 (base 2) to base 12.
1962b4
-1000010200 (base 3) to base 6
-231330
What is -1122141042 (base 5) in base 16?
-26b63e
1607b7 (base 15) to base 16
103fa8
What is -4024171 (base 8) in base 14?
-1d7ca5
What is 22b516 (base 12) in base 10?
558882
What is 2631111 (base 8) in base 14?
1515a1
What is -53410 (base 10) in base 13?
-1b406
Convert -5056505 (base 11) to base 8.
-42064126
What is -21221122120 (base 3) in base 4?
-212031000
Convert 11134443 (base 7) to base 5.
221414201
What is 3a2b87 (base 12) in base 6?
32315451
Convert 31130331 (base 4) to base 8.
153475
What is -8123c (base 16) in base 9?
-885528
Convert 11101110101001101100101 (base 2) to base 13.
180a5c9
Convert -12210203 (base 5) to base 4.
-130121033
679733 (base 10) to base 11
42476a
Convert -14c5c (base 13) to base 15.
-ba54
Convert -2210102010222 (base 3) to base 8.
-5523077
Convert -501166 (base 7) to base 9.
-137781
What is -2304003400 (base 5) in base 10?
-5141100
What is 35312444 (base 6) in base 2?
100001100001001001100
119c8 (base 15) to base 8
155625
What is -10101000011100011110 (base 2) in base 11?
-431408
12701 (base 9) to base 3
102210001
-2243021130 (base 5) to base 12
-183556a
-32054004 (base 7) to base 6
-134141220
Convert -1706752 (base 8) to base 12.
-1ba60a
What is -230310030 (base 4) in base 9?
-308720
Convert 122031231 (base 6) to base 14.
44b963
What is 101220000101 (base 3) in base 8?
642500
c1a22b (base 15) to base 16
8c5736
Convert -163343621 (base 7) to base 15.
-e99dce
-104231334 (base 5) to base 2
-1110000101010011101
What is 1101100001010111111010 (base 2) in base 5?
1401411240
What is -4a6758a (base 11) in base 5?
-4222411440
-31a202 (base 15) to base 5
-1101103302
What is 1646c1 (base 13) in base 11?
348210
Convert 5353258 (base 11) to base 15.
c609c6
Convert 21102454 (base 6) to base 2.
10010110001000000010
Convert -20000011221 (base 4) to base 6.
-112542413
4453124 (base 6) to base 12
aa1a4
What is 3435240 (base 8) in base 12?
38b794
320503 (base 8) to base 4
122011003
What is 375bd5 (base 16) in base 8?
15655725
Convert 19619b (base 12) to base 15.
8c292
Convert 20303a4 (base 12) to base 6.
333202324
1000013413 (base 5) to base 14
38c281
Convert 1434122 (base 11) to base 10.
2465157
What is -63641531 (base 7) in base 12?
-1988065
-39520 (base 13) to base 4
-121331113
Convert -10001100011100101101111 (base 2) to base 10.
-4602223
What is -390cd (base 14) in base 7?
-1122346
Convert -233771 (base 9) to base 10.
-140599
Convert -7394123 (base 10) to base 8.
-34151513
What is f54994 (base 16) in base 11?
908a559
What is -4411404 (base 5) in base 9?
-125042
What is -100111101011011110 (base 2) in base 8?
-475336
Convert -7203783 (base 9) to base 2.
-1110101001101111110110
2578d (base 14) to base 9
150236
What is -550a6 (base 12) in base 11?
-77534
-3342221 (base 5) to base 8
-163265
-1dc767 (base 14) to base 16
-105a07
What is -223990 (base 15) in base 13?
-451c65
13b77 (base 15) to base 13
22aa1
Convert -14cea3 (base 16) to base 10.
-1363619
What is 3172144 (base 9) in base 4?
12133100032
What is 75a6a (base 12) in base 11?
a6765
Convert 40490 (base 10) to base 4.
21320222
What is 2570a (base 13) in base 15?
15800
What is -1000111100111000 (base 2) in base 12?
-19274
-120010112201 (base 3) to base 12
-124431
Convert 359c4b (base 15) to base 3.
11211021200122
What is -110100000011001110110100 (base 2) in base 4?
-310003032310
Convert -4624343 (base 9) to base 13.
-695361
Convert 1315055 (base 6) to base 14.
1c551
What is 6691c2 (base 13) in base 8?
11165030
-29a146 (base 11) to base 4
-1302012120
What is 8cca92 (base 14) in base 15?
64bc1a
Convert 10d46d1 (base 14) to base 2.
11110101011001100111111
Convert -bd91c (base 14) to base 11.
-2946a7
Convert -85734 (base 10) to base 2.
-10100111011100110
1496b (base 13) to base 7
221404
What is 41893a (base 11) in base 14?
13657b
Convert -2466033 (base 7) to base 6.
-10500530
9653310 (base 10) to base 3
200011102212000
What is 10102111202 (base 3) in base 10?
67439
2492 (base 16) to base 10
9362
What is -288546 (base 9) in base 15?
-37610
What is 122010123 (base 4) in base 2?
11010000100011011
What is 122165435 (base 7) in base 10?
7680335
What is 10012001102 (base 3) in base 7?
350615
Convert 469868 (base 10) to base 16.
72b6c
-70cd0 (base 14) to base 16
-42456
What is -200212120020122 (base 3) in base 13?
-2102291
Convert 255467 (base 10) to base 4.
332113223
150276 (base 11) to base 6
5010005
1771605 (base 8) to base 10
521093
1112201221222 (base 3) to base 11
511279
What is -5194372 (base 10) in base 2?
-10011110100001010000100
What is -1344144203 (base 5) in base 6?
-203052150
4131131021 (base 5) to base 10
8458261
What is -3a25c0 (base 14) in base 9?
-3684304
f6870 (base 16) to base 3
1220022011010
2322454 (base 6) to base 15
25797
-1210200020220 (base 3) to base 12
-3a2550
What is 11100100000110110 (base 2) in base 12?
57706
Convert 331531105 (base 6) to base 10.
5968337
-18d6a2 (base 14) to base 7
-10332562
-36dce (base 15) to base 5
-21101434
What is -31042420 (base 5) in base 12?
-1023b8
Convert 4956088 (base 10) to base 6.
254120504
-14417556 (base 9) to base 3
-111110121121220
Convert -2314534 (base 6) to base 12.
-58a4a
Convert 11110001210 (base 3) to base 8.
252750
What is 30c96 (base 13) in base 11?
5aa9a
805565 (base 11) to base 9
2384370
Convert -8142480 (base 10) to base 12.
